7.
18
Calculate the remainder when 782 is divided by 21.
5
Calculate the remainder when 70038 is divided by 2801.
13
Calculate the remainder when 16891 is divided by 16629.
262
Calculate the remainder when 99 is divided by 62.
37
What is the remainder when 51351 is divided by 51338?
13
What is the remainder when 248835 is divided by 27?
3
What is the remainder when 10385 is divided by 41?
12
What is the remainder when 1898 is divided by 40?
18
What is the remainder when 490820 is divided by 163604?
8
What is the remainder when 12481 is divided by 332?
197
What is the remainder when 10707 is divided by 104?
99
Calculate the remainder when 353711 is divided by 48.
47
What is the remainder when 6905 is divided by 2292?
29
What is the remainder when 6848 is divided by 1696?
64
What is the remainder when 13401 is divided by 251?
98
Calculate the remainder when 10144 is divided by 2027.
9
Calculate the remainder when 2801835 is divided by 13.
10
Calculate the remainder when 147339 is divided by 13.
10
What is the remainder when 136060 is divided by 2429?
36
Calculate the remainder when 709 is divided by 531.
178
What is the remainder when 12694 is divided by 12645?
49
Calculate the remainder when 390 is divided by 39.
0
Calculate the remainder when 3004 is divided by 1480.
44
What is the remainder when 3428 is divided by 9?
8
Calculate the remainder when 168407 is divided by 1138.
1121
Calculate the remainder when 6974 is divided by 1993.
995
Calculate the remainder when 3256 is divided by 46.
36
Calculate the remainder when 12758 is divided by 440.
438
Calculate the remainder when 27390 is divided by 1095.
15
Calculate the remainder when 92235 is divided by 111.
105
What is the remainder when 1839 is divided by 1732?
107
What is the remainder when 4461 is divided by 194?
193
Calculate the remainder when 13974 is divided by 88.
70
Calculate the remainder when 282290 is divided by 219.
218
Calculate the remainder when 38248 is divided by 83.
68
What is the remainder when 5077 is divided by 1531?
484
What is the remainder when 23225 is divided by 492?
101
What is the remainder when 2102 is divided by 108?
50
What is the remainder when 129683 is divided by 321?
320
What is the remainder when 11564 is divided by 27?
8
Calculate the remainder when 28804 is divided by 187.
6
Calculate the remainder when 2225 is divided by 31.
24
What is the remainder when 467757 is divided by 20336?
29
What is the remainder when 10241 is divided by 1294?
1183
Calculate the remainder when 7369 is divided by 3680.
9
What is the remainder when 222 is divided by 204?
18
What is the remainder when 43296 is divided by 10?
6
What is the remainder when 2895 is divided by 891?
222
What is the remainder when 3563 is divided by 330?
263
What is the remainder when 36294 is divided by 69?
0
What is the remainder when 326 is divided by 278?
48
What is the remainder when 78210 is divided by 39055?
100
What is the remainder when 1611056 is divided by 132?
128
Calculate the remainder when 665031 is divided by 55419.
3
What is the remainder when 9876 is divided by 4926?
24
What is the remainder when 3843 is divided by 561?
477
What is the remainder when 37960 is divided by 2372?
8
What is the remainder when 7752 is divided by 860?
12
Calculate the remainder when 84596 is divided by 21143.
24
Calculate the remainder when 92961 is divided by 46463.
35
Calculate the remainder when 40766 is divided by 302.
298
Calculate the remainder when 1151899 is divided by 1173.
13
Calculate the remainder when 2620 is divided by 254.
80
What is the remainder when 6876 is divided by 2279?
39
What is the remainder when 91484 is divided by 598?
588
What is the remainder when 7077 is divided by 6979?
98
What is the remainder when 302568 is divided by 79?
77
Calculate the remainder when 727301 is divided by 8979.
2
Calculate the remainder when 2782 is divided by 210.
52
What is the remainder when 407490 is divided by 55?
50
What is the remainder when 397 is divided by 286?
111
Calculate the remainder when 4651 is divided by 1547.
10
What is the remainder when 6631 is divided by 53?
6
What is the remainder when 449878 is divided by 6?
4
Calculate the remainder when 86030 is divided by 70.
0
What is the remainder when 71661 is divided by 76?
69
What is the remainder when 33963 is divided by 330?
303
What is the remainder when 84701 is divided by 16?
13
Calculate the remainder when 10152 is divided by 238.
156
Calculate the remainder when 2966 is divided by 500.
466
Calculate the remainder when 12742 is divided by 79.
23
Calculate the remainder when 1238091 is divided by 666.
663
Calculate the remainder when 3408 is divided by 171.
159
What is the remainder when 8180 is divided by 8169?
11
What is the remainder when 17521 is divided by 83?
8
Calculate the remainder when 11517 is divided by 269.
219
What is the remainder when 2475 is divided by 307?
19
Calculate the remainder when 54125 is divided by 107.
90
Calculate the remainder when 1788110 is divided by 688.
686
What is the remainder when 76999 is divided by 52?
39
Calculate the remainder when 10449 is divided by 201.
198
What is the remainder when 23537 is divided by 462?
437
Calculate the remainder when 10895 is divided by 3620.
35
What is the remainder when 91123 is divided by 75?
73
Calculate the remainder when 112009 is divided by 42.
37
Calculate the remainder when 10164 is divided by 2495.
184
What is the remainder when 6131 is divided by 1532?
3
Calculate the remainder when 164598 is divided by 58.
52
What is the remainder when 33530 is divided by 81?
77
What is the remainder when 594627 is divided by 5039?
25
Calculate the remainder when 14626 is divided by 2905.
101
Calculate the remainder when 24766 is divided by 774.
772
What is the remainder when 267065 is divided by 48?
41
What is the remainder when 37462 is divided by 311?
142
Calculate the remainder when 2377 is divided by 668.
373
What is the remainder when 4680 is divided by 58?
40
What is the remainder when 77416 is divided by 22?
20
What is the remainder when 251927 is divided by 590?
587
Calculate the remainder when 6799 is divided by 235.
219
Calculate the remainder when 172830 is divided by 57609.
3
Calculate the remainder when 65781 is divided by 295.
291
Calculate the remainder when 234 is divided by 55.
14
What is the remainder when 148370 is divided by 19?
18
What is the remainder when 14823 is divided by 490?
123
Calculate the remainder when 18992 is divided by 29.
26
What is the remainder when 806924 is divided by 795?
794
Calculate the remainder when 141872 is divided by 999.
14
What is the remainder when 698 is divided by 670?
28
What is the remainder when 1300 is divided by 175?
75
What is the remainder when 13255 is divided by 33?
22
What is the remainder when 10724 is divided by 5320?
84
What is the remainder when 18405 is divided by 527?
487
Calculate the remainder when 69728 is divided by 2.
0
What is the remainder when 15525 is divided by 1722?
27
Calculate the remainder when 142764 is divided by 721.
6
Calculate the remainder when 2453 is divided by 438.
263
Calculate the remainder when 1073288 is divided by 141.
137
Calculate the remainder when 20011 is divided by 1334.
1
Calculate the remainder when 14148 is divided by 49.
36
What is the remainder when 31174 is divided by 238?
234
What is the remainder when 174649 is divided by 12473?
27
What is the remainder when 32327 is divided by 20?
7
What is the remainder when 9926 is divided by 3295?
41
What is the remainder when 1005 is divided by 7?
4
Calculate the remainder when 1712 is divided by 553.
53
What is the remainder when 32285 is divided by 4611?
8
What is the remainder when 1711 is divided by 1379?
332
Calculate the remainder when 621595 is divided by 406.
9
Calculate the remainder when 16258 is divided by 2.
0
Calculate the remainder when 33635 is divided by 6453.
1370
Calculate the remainder when 108373 is divided by 114.
73
Calculate the remainder when 61396 is divided by 49.
48
What is the remainder when 13516 is divided by 4482?
70
What is the remainder when 27719 is divided by 210?
209
What is the remainder when 848636 is divided by 312?
308
What is the remainder when 72324 is divided by 428?
420
What is 